9 is divided by 22?
17
What is the remainder when 25 is divided by 17?
8
What is the remainder when 21671 is divided by 168?
167
What is the remainder when 117 is divided by 31?
24
What is the remainder when 328 is divided by 15?
13
Calculate the remainder when 2693 is divided by 55.
53
What is the remainder when 764 is divided by 12?
8
Calculate the remainder when 316 is divided by 10.
6
Calculate the remainder when 2326 is divided by 37.
32
Calculate the remainder when 157 is divided by 16.
13
What is the remainder when 55 is divided by 52?
3
Calculate the remainder when 215 is divided by 148.
67
What is the remainder when 120 is divided by 39?
3
What is the remainder when 1465 is divided by 64?
57
What is the remainder when 81 is divided by 22?
15
What is the remainder when 449 is divided by 45?
44
What is the remainder when 50 is divided by 14?
8
Calculate the remainder when 1021 is divided by 297.
130
Calculate the remainder when 1814 is divided by 101.
97
Calculate the remainder when 140 is divided by 73.
67
Calculate the remainder when 181 is divided by 92.
89
What is the remainder when 256 is divided by 119?
18
Calculate the remainder when 9765 is divided by 19.
18
Calculate the remainder when 1046 is divided by 16.
6
What is the remainder when 45 is divided by 12?
9
What is the remainder when 1689 is divided by 141?
138
Calculate the remainder when 940 is divided by 98.
58
Calculate the remainder when 2064 is divided by 13.
10
What is the remainder when 576 is divided by 275?
26
Calculate the remainder when 27 is divided by 4.
3
Calculate the remainder when 48 is divided by 10.
8
Calculate the remainder when 3420 is divided by 127.
118
Calculate the remainder when 367 is divided by 37.
34
What is the remainder when 798 is divided by 89?
86
What is the remainder when 172 is divided by 4?
0
What is the remainder when 3723 is divided by 76?
75
Calculate the remainder when 53 is divided by 37.
16
What is the remainder when 179 is divided by 40?
19
What is the remainder when 7 is divided by 3?
1
What is the remainder when 167 is divided by 10?
7
Calculate the remainder when 13241 is divided by 41.
39
What is the remainder when 573 is divided by 192?
189
Calculate the remainder when 1399 is divided by 26.
21
What is the remainder when 76 is divided by 25?
1
What is the remainder when 381 is divided by 40?
21
What is the remainder when 92 is divided by 79?
13
Calculate the remainder when 265 is divided by 55.
45
Calculate the remainder when 43 is divided by 4.
3
What is the remainder when 261 is divided by 12?
9
Calculate the remainder when 10043 is divided by 49.
47
What is the remainder when 155 is divided by 51?
2
Calculate the remainder when 16737 is divided by 322.
315
What is the remainder when 2002 is divided by 391?
47
Calculate the remainder when 2258 is divided by 9.
8
Calculate the remainder when 47 is divided by 27.
20
Calculate the remainder when 3324 is divided by 22.
2
What is the remainder when 920 is divided by 190?
160
Calculate the remainder when 865 is divided by 51.
49
Calculate the remainder when 112 is divided by 19.
17
What is the remainder when 443 is divided by 16?
11
What is the remainder when 837 is divided by 14?
11
What is the remainder when 182 is divided by 46?
44
What is the remainder when 54 is divided by 11?
10
Calculate the remainder when 1985 is divided by 142.
139
Calculate the remainder when 1102 is divided by 40.
22
Calculate the remainder when 45 is divided by 1.
0
What is the remainder when 378 is divided by 38?
36
Calculate the remainder when 1303 is divided by 1299.
4
Calculate the remainder when 200 is divided by 44.
24
What is the remainder when 1101 is divided by 157?
2
Calculate the remainder when 101 is divided by 3.
2
What is the remainder when 50 is divided by 17?
16
What is the remainder when 297 is divided by 102?
93
Calculate the remainder when 805 is divided by 15.
10
Calculate the remainder when 232 is divided by 10.
2
Calculate the remainder when 739 is divided by 14.
11
Calculate the remainder when 1886 is divided by 144.
14
What is the remainder when 140 is divided by 48?
44
What is the remainder when 5256 is divided by 20?
16
Calculate the remainder when 4976 is divided by 249.
245
What is the remainder when 1034 is divided by 3?
2
Calculate the remainder when 96 is divided by 54.
42
Calculate the remainder when 439 is divided by 45.
34
Calculate the remainder when 459 is divided by 31.
25
Calculate the remainder when 223 is divided by 16.
15
What is the remainder when 1091 is divided by 358?
17
What is the remainder when 5754 is divided by 22?
12
What is the remainder when 203 is divided by 82?
39
Calculate the remainder when 105147 is divided by 15.
12
Calculate the remainder when 6 is divided by 4.
2
Calculate the remainder when 1572 is divided by 13.
12
Calculate the remainder when 322 is divided by 112.
98
What is the remainder when 10 is divided by 1?
0
Calculate the remainder when 272 is divided by 134.
4
Calculate the remainder when 1990 is divided by 12.
10
Calculate the remainder when 233 is divided by 30.
23
Calculate the remainder when 891 is divided by 16.
11
What is the remainder when 1283 is divided by 15?
8
Calculate the remainder when 37 is divided by 2.
1
Calculate the remainder when 417 is divided by 60.
57
Calculate the remainder when 40 is divided by 6.
4
What is the remainder when 32 is divided by 29?
3
What is the remainder when 45 is divided by 35?
10
What is the remainder when 28308 is divided by 149?
147
What is the remainder when 510 is divided by 7?
6
What is the remainder when 252 is divided by 16?
12
What is the remainder when 188 is divided by 33?
23
Calculate the remainder when 431 is divided by 15.
11
What is the remainder when 359 is divided by 24?
23
Calculate the remainder when 75 is divided by 35.
5
Calculate the remainder when 26 is divided by 13.
0
What is the remainder when 756 is divided by 130?
106
Calculate the remainder when 189 is divided by 31.
3
What is the remainder when 1059 is divided by 262?
11
What is the remainder when 384 is divided by 31?
12
What is the remainder when 4123 is divided by 165?
163
Calculate the remainder when 566 is divided by 65.
46
What is the remainder when 17603 is divided by 54?
53
Calculate the remainder when 92 is divided by 27.
11
What is the remainder when 524 is divided by 15?
14
Calculate the remainder when 230 is divided by 78.
74
Calculate the remainder when 804 is divided by 6.
0
What is the remainder when 887 is divided by 61?
33
What is the remainder when 1378 is divided by 680?
18
Calculate the remainder when 704 is divided by 187.
143
Calculate the remainder when 719 is divided by 8.
7
Calculate the remainder when 397 is divided by 139.
119
What is the remainder when 355 is divided by 23?
10
What is the remainder when 171 is divided by 49?
24
Calculate the remainder when 49 is divided by 35.
14
Calculate the remainder when 639 is divided by 40.
39
What is the remainder when 6762 is divided by 45?
12
Calculate the remainder when 6978 is divided by 13.
10
Calculate the remainder when 743 is divided by 732.
11
What is the remainder when 1069 is divided by 21?
19
Calculate the remainder when 481 is divided by 64.
33
What is the remainder when 28 is divided by 16?
12
What is the remainder when 13425 is divided by 6?
3
What is the remainder when 227 is divided by 79?
69
Calculate the remainder when 5308 is divided by 23.
18
What is the remainder when 17902 is divided by 44?
38
What is the remainder when 38 is divided by 37?
1
What is the remainder when 755 is divided by 14?
13
What is the remainder when 538 is divided by 136?
130
What is the remainder when 111 is divided by 22?
1
Calculate the remainder when 107 is divided by 6.
5
What is the remainder when 103 is divided by 13?
12
Calculate the remainder when 537 is divided by 20.
17
Calculate the remainder when 582 is divided by 73.
71
Calculate the remainder when 383 is divided by 24.
23
What is the remainder when 1043 is divided by 175?
168
Calculate the remainder when 505 is divided by 441.
64
Calculate the remainder when 1393 is divided by 50.
43
Calculate the remainder when 18 is divided by 1.
0
Calculate the remainder when 401 is divided b